- 52 = -0*o. Let a be (-6)/(-9) - o/(-6). Calculate the greatest common divisor of 25 and a.
5
Let f(w) = -w**2 + 1. Let o(u) = -4*u**2 - 8*u + 5. Let y(s) = 3*f(s) - o(s). Let j be y(-6). Let q = j - -21. What is the highest common divisor of 28 and q?
7
Suppose 41 = 5*t - 19. What is the greatest common divisor of 4 and t?
4
Suppose t - 7 = 2*p, -3*p + 6 - 3 = 3*t. Suppose -32 = t*m - 7*m. What is the highest common divisor of 72 and m?
8
Suppose -3*m = 5*x - 140, -3*x + 3*m = -0*x - 60. Calculate the greatest common divisor of 225 and x.
25
Let k(a) = 2*a**2 - 4*a + 3. Let w be k(2). Suppose 2*u = -w*u + 10. Calculate the greatest common factor of 18 and u.
2
Let a(r) = -r**3 + 11*r**2 - 9*r + 7. Let x be a(10). Calculate the greatest common divisor of x and 68.
17
Suppose -1 = -2*m + s, -5*s = -3*m - 2 - 14. Let q be 3 + 5*6/5. Calculate the greatest common factor of m and q.
3
Suppose 0 = -a - 4*a + 110. Calculate the highest common divisor of a and 22.
22
Suppose -2*n - 5*c = -31, 2*n + 3*c = -0*n + 25. What is the greatest common factor of 8 and n?
8
Let p = 13 - 29. Let u = -6 - p. Calculate the highest common factor of 10 and u.
10
Let i = -24 + 64. Suppose -4*o - 2*d = d - 31, -5*o + i = 4*d. Suppose 0 = -5*c + 60 - 0. What is the highest common divisor of o and c?
4
Let q(v) = v**2 + 7*v - 4. Let k be q(-9). Let y = k + -10. What is the greatest common divisor of 10 and y?
2
Let k = 52 + -32. What is the greatest common factor of k and 4?
4
Let p(x) = -x + 3. Let r be p(-6). Suppose r*z - 4*z = 10. Suppose 2*h + 2*n - 52 = -z*n, 0 = -h + 4*n + 8. What is the highest common factor of 10 and h?
10
Suppose 2*d - 606 = 5*h, -2*d - 3*h + 196 = -426. What is the highest common divisor of 28 and d?
28
Let k = 10 + -7. What is the greatest common factor of 12 and k?
3
Let t = 321 + -213. Suppose 2*v + 14 = 6, 3*x = -v + 32. What is the greatest common factor of t and x?
12
Let q(g) = -g**3 - 6*g**2 - 9*g - 9. Let z be q(-6). What is the highest common factor of z and 18?
9
Let s = 1 - -3. Suppose -s*k = k - 25. What is the highest common factor of 40 and k?
5
Let f(t) = t - 1. Let x be f(-3). Let l = 11 + x. Suppose o + w - 87 = -3*o, -5*w = -4*o + 69. What is the greatest common divisor of l and o?
7
Let g(f) be the first derivative of -f**4/4 + 11*f**3/3 + 15*f**2/2 - 18*f - 2. Let r be g(12). What is the highest common divisor of r and 144?
18
Let v(u) = u**2 + 2*u - 1. Let g be v(3). What is the greatest common divisor of g and 112?
14
Suppose -3*s - 5 = -8*s. Let w = s + 3. What is the highest common divisor of w and 28?
4
Suppose -6*i + 9*i = 231. What is the greatest common divisor of 7 and i?
7
Suppose -5 = 4*l - 13. Let h = 2 + 0. What is the highest common divisor of h and l?
2
Suppose 5*z - 97 = 2*r + r, 76 = 4*z - 4*r. Calculate the greatest common divisor of z and 5.
5
Let v be ((-78)/91)/(2/(-14)). Suppose 0*j = -v*j + 1260. Calculate the greatest common divisor of 30 and j.
30
Let b = 8 - 3. Suppose -2*v - c = -31, b*c - 16 - 20 = -3*v. Suppose 0 = 2*h - 0*s + 5*s - 122, 4*s - 16 = 0. Calculate the highest common factor of v and h.
17
Let c(o) = -o**2 + 5*o + 7. Let i be c(6). Let n(a) = 56*a**3 - a**2 + 2*a - 1. Let r be n(i). Calculate the greatest common divisor of 7 and r.
7
Let m be 2/(-1 + 0 - -3). Let v(w) = 9*w + 2. Let z be v(m). What is the greatest common divisor of z and 22?
11
Let d = 24 + -9. Calculate the greatest common divisor of d and 45.
15
Suppose 269 + 91 = 3*k. Calculate the greatest common factor of 24 and k.
24
Let j = 9 - 4. Suppose 0*i + 20 = j*i. Let f(t) = -t**3 + 7*t**2 - 4. Let a be f(6). Calculate the greatest common factor of i and a.
4
Suppose -4*m + 47 = 3. What is the greatest common factor of 99 and m?
11
Let g be 1*(0 - -4) + -3. Calculate the highest common factor of g and 9.
1
Let v(b) = -4 + 1 + 2*b + 1 - 5. Let z be v(7). Calculate the highest common divisor of z and 1.
1
Suppose 4*x - 2*j = 56, 5*x + j = -11 + 67. What is the highest common factor of x and 96?
12
Let i be 10*(3 + (-17)/6)*9. What is the greatest common divisor of i and 75?
15
Let l be -4 - (4/4 - 9). What is the greatest common factor of 4 and l?
4
Let c(g) = g**2 + 10*g + 9. Let w be c(-9). Suppose w = y - 2 - 15. What is the greatest common divisor of y and 102?
17
Suppose -5*k = -k - 5*m - 337, 3*k - 3*m = 255. Calculate the highest common divisor of 8 and k.
8
Let c be 0 + (19 - (-2)/(-2)). Suppose 3 - c = -3*i. Suppose 3*f - i = -2. Calculate the greatest common factor of 2 and f.
1
Suppose 0 = -5*q + 7 + 3. Suppose q*g = 13 - 3. Calculate the greatest common factor of 5 and g.
5
Let d be 0 - ((1 - 9) + -1). Let b(z) = -9 - 5 + 4*z + 5. Let t be b(9). Calculate the highest common divisor of t and d.
9
Let x(v) = 10*v**2 + 4*v + 4. Let t be x(-2). What is the greatest common factor of 96 and t?
12
Let p(v) = 4*v**2 - 4*v. Suppose 0 = -2*w + 8 - 0. Let c be p(w). Calculate the highest common divisor of c and 12.
12
Let c be 1 - 3/(6/(-14)). Suppose 4*f + c = 6*f. Let p be 4 - f - 27/(-1). Calculate the greatest common factor of 9 and p.
9
Suppose -6*n = -11*n + 85. Suppose -3*y + n + 28 = 0. Calculate the greatest common factor of y and 6.
3
Let v = 3 - 7. Let w(i) = -i**2 - i + 6. Let h be w(0). Let d = h + v. Calculate the greatest common divisor of 10 and d.
2
Let z(d) = -d**2 - 16*d + 2. Let u be z(-9). What is the highest common divisor of u and 26?
13
Let a be 1 - 2 - 3*12/(-2). Calculate the greatest common divisor of a and 187.
17
Let v(z) = z**2 + 2*z + 2. Let t be v(-5). Let w be 2/(-9) - (-920)/9. Calculate the greatest common factor of t and w.
17
Let d(s) = -9*s + 4. Let b be d(3). Let u = b + 87. Calculate the highest common factor of 16 and u.
16
Let r be 2/(-4) - 57/6. Let x(s) = -3*s + 5. Let l be x(r). What is the highest common factor of l and 5?
5
Suppose 4*x - 179 = 53. Suppose -2*p + 194 = x. Let l = p + -38. What is the greatest common divisor of l and 6?
6
Let i(c) be the first derivative of c**2/2 - 2*c + 5. Let u be i(4). What is the highest common factor of u and 18?
2
Suppose 0 = 4*k - 5*h - 263, -2*k - 3*h + 140 = -19. Calculate the greatest common factor of k and 9.
9
Let r(l) = -l**2 - 4*l. Let z be r(-3). Let o(s) = 16*s - 3. Let p be o(z). Calculate the highest common divisor of p and 9.
9
Let h(u) = -u**3 - 6*u**2 - u**2 - 4 - u - 3*u - u**2. Let b be h(-8). Calculate the greatest common factor of 196 and b.
28
Suppose 0 = -2*j + j + 4. Suppose p - 3*p - j*k - 96 = 0, -5*k = -3*p - 89. Let q be 3/(-6) - p/4. What is the greatest common factor of 45 and q?
9
Let k = 11 - -1. Calculate the highest common divisor of 6 and k.
6
Let g be 24/32 - (-173)/4. Calculate the greatest common factor of g and 44.
44
Let w(k) = -k - 8. Let p be w(-5). Let v(f) = -2*f. Let g be v(-1). Let a be 22/3 - g/p. What is the highest common divisor of 2 and a?
2
Let i(w) = w**3 - 12*w**2 - 13*w + 12. Let x be i(13). Suppose -q = q - x. What is the greatest common factor of 30 and q?
6
Let t = -49 - -125. Let c = t - -86. Let y be ((-6)/2)/(2/(-12)). Calculate the greatest common factor of y and c.
18
Let w(s) = 14*s**2 + 1. Let q be w(-1). Suppose -q = -4*b + 3*b. What is the highest common divisor of 10 and b?
5
Let r = 31 - 27. What is the highest common factor of r and 40?
4
Let h = -11 - -22. Suppose l - 106 = -3*i, -4*l + 494 = -0*l - 2*i. What is the highest common factor of h and l?
11
Let n = 33 - 11. Let w(k) be the third derivative of k**5/5 - k**4/24 + 2*k**2. Let d be w(1). Calculate the highest common divisor of n and d.
11
Let g(c) = 13*c. Let k be g(23). What is the greatest common factor of k and 23?
23
Suppose 3*a + 12 = 9*a. Let v = 3 + 1. Calculate the greatest common divisor of a and v.
2
Let r = 273 + -192. What is the highest common factor of r and 9?
9
Suppose v = -2*s + 4, -11 = -4*s - s - 2*v. Let w be (s - -1)/(-1)*-2. Suppose 4 = -5*b + 104. Calculate the greatest common factor of b and w.
4
Let k = -82 + 147. Calculate the highest common divisor of k and 26.
13
Suppose -2*m + 148 = 2*i, 16 = 5*i - 4. Calculate the highest common divisor of m and 10.
10
Let l = 7 + -3. Suppose 4*b = l*u - 36, -16 = 2*b + 2*b. Suppose 4*d + 120 = 4*i, 3*d - 19 - 41 = -3*i. What is the highest